 is the remainder when 65 is divided by 41?
24
Calculate the remainder when 502 is divided by 65.
47
Calculate the remainder when 3012 is divided by 11.
9
Calculate the remainder when 27 is divided by 14.
13
Calculate the remainder when 130 is divided by 36.
22
What is the remainder when 395 is divided by 3?
2
What is the remainder when 548 is divided by 34?
4
What is the remainder when 57083 is divided by 201?
200
Calculate the remainder when 67 is divided by 24.
19
Calculate the remainder when 910 is divided by 127.
21
Calculate the remainder when 136 is divided by 70.
66
What is the remainder when 128 is divided by 3?
2
What is the remainder when 213 is divided by 33?
15
What is the remainder when 182 is divided by 19?
11
What is the remainder when 1594 is divided by 6?
4
Calculate the remainder when 207 is divided by 105.
102
Calculate the remainder when 114 is divided by 83.
31
What is the remainder when 1981 is divided by 246?
13
Calculate the remainder when 1608 is divided by 23.
21
What is the remainder when 114 is divided by 23?
22
Calculate the remainder when 1317 is divided by 55.
52
What is the remainder when 60 is divided by 11?
5
Calculate the remainder when 263 is divided by 91.
81
Calculate the remainder when 9854 is divided by 44.
42
Calculate the remainder when 59 is divided by 32.
27
What is the remainder when 51 is divided by 5?
1
Calculate the remainder when 49 is divided by 17.
15
Calculate the remainder when 1472 is divided by 67.
65
Calculate the remainder when 2389 is divided by 54.
13
What is the remainder when 1781 is divided by 119?
115
Calculate the remainder when 749 is divided by 194.
167
Calculate the remainder when 220 is divided by 17.
16
What is the remainder when 361 is divided by 8?
1
Calculate the remainder when 199 is divided by 68.
63
What is the remainder when 273 is divided by 63?
21
What is the remainder when 190 is divided by 90?
10
Calculate the remainder when 116 is divided by 15.
11
Calculate the remainder when 225 is divided by 27.
9
Calculate the remainder when 800 is divided by 23.
18
What is the remainder when 387 is divided by 23?
19
What is the remainder when 69 is divided by 53?
16
Calculate the remainder when 174 is divided by 16.
14
What is the remainder when 111 is divided by 7?
6
Calculate the remainder when 494 is divided by 35.
4
Calculate the remainder when 378 is divided by 49.
35
What is the remainder when 56466 is divided by 21?
18
What is the remainder when 133 is divided by 16?
5
What is the remainder when 48 is divided by 18?
12
What is the remainder when 734 is divided by 87?
38
Calculate the remainder when 6627 is divided by 78.
75
Calculate the remainder when 146 is divided by 74.
72
Calculate the remainder when 3003 is divided by 1497.
9
What is the remainder when 229 is divided by 34?
25
Calculate the remainder when 400 is divided by 74.
30
Calculate the remainder when 253 is divided by 20.
13
Calculate the remainder when 16 is divided by 6.
4
What is the remainder when 26 is divided by 15?
11
Calculate the remainder when 164 is divided by 55.
54
What is the remainder when 3281 is divided by 14?
5
Calculate the remainder when 916 is divided by 115.
111
What is the remainder when 233 is divided by 47?
45
What is the remainder when 274 is divided by 234?
40
Calculate the remainder when 1716 is divided by 143.
0
What is the remainder when 2179 is divided by 59?
55
Calculate the remainder when 491 is divided by 55.
51
What is the remainder when 161 is divided by 57?
47
What is the remainder when 393 is divided by 102?
87
What is the remainder when 684 is divided by 117?
99
What is the remainder when 16139 is divided by 269?
268
What is the remainder when 35 is divided by 12?
11
What is the remainder when 58 is divided by 40?
18
What is the remainder when 2504 is divided by 7?
5
What is the remainder when 159 is divided by 19?
7
What is the remainder when 135 is divided by 32?
7
Calculate the remainder when 207 is divided by 64.
15
Calculate the remainder when 194 is divided by 36.
14
Calculate the remainder when 1504 is divided by 6.
4
What is the remainder when 10451 is divided by 12?
11
Calculate the remainder when 3062 is divided by 25.
12
Calculate the remainder when 437 is divided by 103.
25
Calculate the remainder when 189 is divided by 61.
6
Calculate the remainder when 1757 is divided by 28.
21
Calculate the remainder when 474 is divided by 196.
82
Calculate the remainder when 496 is divided by 3.
1
Calculate the remainder when 12468 is divided by 189.
183
Calculate the remainder when 471 is divided by 448.
23
Calculate the remainder when 364 is divided by 124.
116
What is the remainder when 69 is divided by 24?
21
What is the remainder when 1778 is divided by 11?
7
What is the remainder when 253 is divided by 245?
8
Calculate the remainder when 27 is divided by 3.
0
What is the remainder when 1115 is divided by 124?
123
What is the remainder when 57 is divided by 41?
16
Calculate the remainder when 411 is divided by 113.
72
Calculate the remainder when 12623 is divided by 59.
56
What is the remainder when 201 is divided by 29?
27
What is the remainder when 417 is divided by 157?
103
What is the remainder when 207 is divided by 30?
27
What is the remainder when 898 is divided by 11?
7
What is the remainder when 47 is divided by 43?
4
What is the remainder when 401 is divided by 64?
17
Calculate the remainder when 1188 is divided by 93.
72
Calculate the remainder when 3025 is divided by 748.
33
Calculate the remainder when 569 is divided by 52.
49
Calculate the remainder when 3469 is divided by 50.
19
What is the remainder when 1857 is divided by 20?
17
Calculate the remainder when 5918 is divided by 237.
230
What is the remainder when 1462 is divided by 364?
6
What is the remainder when 1970 is divided by 29?
27
What is the remainder when 717 is divided by 43?
29
Calculate the remainder when 36578 is divided by 62.
60
What is the remainder when 3560 is divided by 66?
62
Calculate the remainder when 149 is divided by 25.
24
What is the remainder when 4917 is divided by 60?
57
Calculate the remainder when 12468 is divided by 480.
468
What is the remainder when 705 is divided by 26?
3
What is the remainder when 644 is divided by 15?
14
Calculate the remainder when 210 is divided by 21.
0
Calculate the remainder when 23 is divided by 12.
11
What is the remainder when 44 is divided by 15?
14
Calculate the remainder when 733 is divided by 82.
77
Calculate the remainder when 204 is divided by 100.
4
Calculate the remainder when 32617 is divided by 94.
93
Calculate the remainder when 304 is divided by 63.
52
What is the remainder when 93 is divided by 16?
13
Calculate the remainder when 6803 is divided by 28.
27
What is the remainder when 97 is divided by 9?
7
What is the remainder when 242 is divided by 75?
17
What is the remainder when 444 is divided by 28?
24
Calculate the remainder when 1295 is divided by 36.
35
What is the remainder when 592 is divided by 22?
20
What is the remainder when 746 is divided by 346?
54
What is the remainder when 61 is divided by 54?
7
Calculate the remainder when 76 is divided by 71.
5
Calculate the remainder when 234 is divided by 74.
12
What is the remainder when 215 is divided by 118?
97
What is the remainder when 1210 is divided by 15?
10
What is the remainder when 401 is divided by 65?
11
What is the remainder when 20 is divided by 7?
6
Calculate the remainder when 972 is divided by 39.
36
What is the remainder when 215 is divided by 104?
7
Calculate the remainder when 2277 is divided by 58.
15
What is the remainder when 49 is divided by 16?
1
What is the remainder when 879 is divided by 63?
60
What is the remainder when 1240 is divided by 60?
40
Calculate the remainder when 46373 is divided by 118.
117
Calculate the remainder when 78 is divided by 21.
15
Calculate the remainder when 369 is divided by 23.
1
Calculate the remainder when 669 is divided by 113.
104
What is the remainder when 322 is divided by 54?
52
Calculate the remainder when 934 is divided by 25.
9
What is the remainder when 3160 is divided by 51?
49
What is the remainder when 379 is divided by 365?
14
What is the remainder when 38 is divided by 8?
6
What is the rema